9?
6682
In base 7, what is 1330 + -633202?
-631542
In base 3, what is 1201121202 - -1100?
1201200002
In base 15, what is -10461 + c2?
-1038e
In base 15, what is -7 + -3356a?
-33572
In base 11, what is -7aa30 - 33?
-7aa63
In base 15, what is -7 - -31c1c?
31c15
In base 7, what is -4026431424 - 1?
-4026431425
In base 8, what is -2576066 + 3?
-2576063
In base 12, what is 17 - 182108?
-1820b1
In base 5, what is -12314 - -442300?
424431
In base 12, what is 5 - -6927438?
6927441
In base 2, what is 1101 + 10000000101010000010?
10000000101010001111
In base 10, what is 792 - -388575?
389367
In base 13, what is -16 + 13165c?
131646
In base 5, what is -334422413 + -2014?
-334424432
In base 10, what is 4 + -1937395?
-1937391
In base 4, what is -122100220312 + -10?
-122100220322
In base 4, what is 11203 - 101103211?
-101032002
In base 16, what is -f - 5e704?
-5e713
In base 7, what is 32 + 10153612?
10153644
In base 11, what is -4 + -11a13900?
-11a13904
In base 8, what is -1301 + -13404?
-14705
In base 5, what is 24430133 + -102?
24430031
In base 9, what is 2747601402 - 2?
2747601400
In base 14, what is -11122 + b0?
-11052
In base 4, what is 23112113 + 311323?
30030102
In base 6, what is -1301020444 - 0?
-1301020444
In base 2, what is 1 - 11101100001100111011110111?
-11101100001100111011110110
In base 4, what is -30 + 3130001110?
3130001020
In base 15, what is -bd5bb03 - 1?
-bd5bb04
In base 9, what is -2170 + 75335?
73155
In base 15, what is -5a3a + -1c6?
-5c11
In base 5, what is -2402344012 + -3?
-2402344020
In base 5, what is -21144 - -103230?
32031
In base 9, what is -52716162 + 0?
-52716162
In base 11, what is 12 - -14a003?
14a015
In base 13, what is -5554b2 - 2b?
-555510
In base 13, what is -19 - -2514b?
25132
In base 8, what is 46031 - 434?
45375
In base 10, what is 2 + -66294566?
-66294564
In base 3, what is 11000100110122 + -2?
11000100110120
In base 3, what is 2120 - 2220112210?
-2220110020
In base 7, what is 16 + 3146422?
3146441
In base 11, what is -310 + 68029?
67819
In base 5, what is 14 + 233343243?
233343312
In base 15, what is -1a4 + 5a15?
5861
In base 13, what is 545043a + 4?
5450441
In base 8, what is -31172467 - -1?
-31172466
In base 2, what is 1 - -111011111100001111101101101?
111011111100001111101101110
In base 7, what is 26235 - -33450?
63015
In base 12, what is 28677a - -158?
286916
In base 9, what is 143186 + 6?
143203
In base 3, what is 12 + 100211222121101111?
100211222121101200
In base 14, what is 1ddd4db + 5?
1ddd502
In base 2, what is 10111111100111 + 10100100000000?
101100011100111
In base 3, what is 110210211101011 + 1111?
110210211102122
In base 6, what is 113335422 - 314?
113335104
In base 4, what is 1012320130020032 + -11?
1012320130020021
In base 5, what is 11433 + 14322304?
14334242
In base 15, what is a + -1c2082?
-1c2077
In base 7, what is -1461531516 + -3?
-1461531522
In base 5, what is 4 - 24041000204?
-24041000200
In base 15, what is 3 + 192a17?
192a1a
In base 11, what is 182070 + 197?
182257
In base 8, what is 66702 + 6655?
75557
In base 6, what is -1051 + 33001415?
33000324
In base 5, what is 2032 + -33044024?
-33041442
In base 14, what is 44 + -1483b3?
-14836d
In base 3, what is 1002 + -1112110021101?
-1112110020022
In base 6, what is -20523 + -25415?
-50342
In base 7, what is -4 + 1526452101?
1526452064
In base 16, what is -4b20 - -702?
-441e
In base 4, what is -11 + 20332111130023?
20332111130012
In base 7, what is 42656625 + -133?
42656462
In base 16, what is -117 + 3c37?
3b20
In base 9, what is 27746 - -10165?
38022
In base 6, what is -15034 + -5111444?
-5130522
In base 14, what is 4 + -24a61d?
-24a619
In base 6, what is -203113111405 - 1?
-203113111410
In base 12, what is 14755a - -63?
147601
In base 13, what is 1 - -110cc1?
110cc2
In base 10, what is 0 + -131800545?
-131800545
In base 15, what is 4 + ed525c?
ed5261
In base 13, what is -318492 + 1?
-318491
In base 13, what is -1 + 70b2b6?
70b2b5
In base 8, what is -15 + -21001225?
-21001242
In base 10, what is 126410018 + -3?
126410015
In base 4, what is 2 - -333133002?
333133010
In base 15, what is 318 - 1631?
-1318
In base 7, what is -1104461 - 15625?
-1123416
In base 11, what is 3 - -19292653?
19292656
In base 13, what is -652481 - 19?
-65249a
In base 13, what is -22304a + -63?
-2230b0
In base 11, what is 309 + 13?
321
In base 15, what is -7ee884 + 4?
-7ee880
In base 12, what is -1b665 - -7b5a?
-13707
In base 4, what is -102100 + -1113020?
-1221120
In base 8, what is -4 + 200771112?
200771106
In base 4, what is -213120303203000 + 0?
-213120303203000
In base 16, what is -5 - f4e189?
-f4e18e
In base 15, what is 50508 - -4c?
50555
In base 7, what is 1553 + 33230?
35113
In base 16, what is -1d6566 - f?
-1d6575
In base 14, what is 1 + b0500cc?
b0500cd
In base 16, what is -8 - -135de2?
135dda
In base 2, what is -10101110111011 - 11100001011?
-11001011000110
In base 11, what is 555172 + 24?
555196
In base 3, what is -10 + -11012122111002?
-11012122111012
In base 10, what is -5 - -5794062?
5794057
In base 2, what is 1011000110000000010010001 - 10?
1011000110000000010001111
In base 7, what is 5053515453 - 3?
5053515450
In base 7, what is 25 + -446434?
-446406
In base 11, what is 621 - 3714?
-30a3
In base 5, what is -2 - -344322313?
344322311
In base 15, what is -290 - -1b0a7?
1ad17
In base 2, what is -100101001 + -100000001001110001?
-100000001110011010
In base 2, what is 1001 + 100111110100001111001010?
100111110100001111010011
In base 4, what is -111010133010 + 0?
-111010133010
In base 10, what is 25069664 - -2?
25069666
In base 13, what is 2b - -19a9c?
19aca
In base 3, what is -2 - -21001100212102?
21001100212100
In base 14, what is -11222 - -a87?
-10579
In base 9, what is -11377 - -535?
-10742
In base 9, what is 714370634 + -5?
714370628
In base 2, what is -1010110011011011101010001 - -101?
-1010110011011011101001100
In base 16, what is 9bf56 - -5?
9bf5b
In base 7, what is 6056625563 + 6?
6056625602
In base 3, what is 20100 - 12011020001?
-12010222201
In base 3, what is 2002010202002010 - -20?
2002010202002100
In base 10, what is 6990539 + -28?
6990511
In base 12, what is 12ab710 - -27?
12ab737
In base 13, what is 171107 - -315?
17141c
In base 13, what is -2 + 12cb520?
12cb51b
In base 8, what is 4534301 - -56?
4534357
In base 2, what is -11001100010 - 100011011111011011?
-100011111000111101
In base 8, what is 327751574 + -5?
327751567
In base 4, what is 203320321 - 33203?
203221112
In base 10, what is 34 - 7923265?
-7923231
In base 15, what is -16 - -23759b?
237585
In base 11, what is -4 + 90a061?
90a058
In base 4, what is -3302303 + -10030?
-3312333
In base 6, what is 2514320504 + -3?
2514320501
In base 12, what is 219a + -22b2?
-114
In base 11, what is -91 - -26a7a25?
26a7944
In base 10, what is -277156 - -5?
-277151
In base 10, what is -636224 - -26?
-636198
In base 14, what is -3 + a7b7cb6?
a7b7cb3
In base 13, what is 5 + -1409676?
-1409671
In base 7, what is 3361333 + 4236?
3365602
In base 5, what is -103444 + 14243?
-34201
In base 9, what is -210372051 + -4?
-210372055
In base 11, what is 40038 - -69?
400a6
In base 11, what is 357644 + 79?
357712
In base 10, what is -3 - 35671828?
-35671831
In base 15, what is -53 + -13544?
-13597
In base 15, what is -cccc55d + -5?
-cccc563
In base 3, what is 20000012010000 + -20?
20000012002210
In base 13, what is -249622 - 72?
-249694
In base 4, what is 3102300 + 130121?
3233021
In base 8, what is 233 - 2024?
-1571
In base 3, what is -11122002121220 - -1110?
-11122002120110
In base 11, what is -52668 + 22?
-52646
In base 4, what is 0 + 213131022203?
213131022203
In base 14, what is -9695358 - 4?
-969535c
In base 8, what is -56 - -2603516?
2603440
In base 4, what is 23011 + -2032201?
-2003130
In base 9, what is -81662 + -104?
-81766
In base 8, what is 635540 - -32?
635572
In base 13, what is 68c4277 + -5?
68c4272
In base 14, what is -ca87 - -7d?
-ca08
In base 13, what is 2c0b44 + -1b?
2c0b26
In base 15, what is -9 + -4dadb?
-4dae5
In base 14, what is 2a8cbd8 - -5?
2a8cbdd
In base 15, what is -2c - 93200?
-9322c
In base 5, what is 4 - 1221133441?
-1221133432
In base 4, what is 222 - -1213211020?
1213211302
In base 7, what is 22 + 20142452?
20142504
In base 3, what is -1200111222222001 + 2?
-1200111222221222
In base 11